{"id":1627,"date":"2017-11-01T10:28:42","date_gmt":"2017-11-01T09:28:42","guid":{"rendered":"http:\/\/www.gewandfantasien.de\/bloggen\/?page_id=1627"},"modified":"2018-05-31T10:35:15","modified_gmt":"2018-05-31T08:35:15","slug":"masstabelle-fuer-einfache-kleider","status":"publish","type":"page","link":"https:\/\/www.gewandfantasien.de\/bloggen\/masse-nehmen\/masstabelle-fuer-einfache-kleider\/","title":{"rendered":"Ma\u00dftabelle f\u00fcr einfache Kleider"},"content":{"rendered":"<p>Bitte benutze diese Ma\u00dftabelle f\u00fcr folgende Kleider:<br \/>\nCeres, Branwen, rote Priesterin, Cotte, Akiko, alle Unterkleider, Mittelalterkleid mit Kapuze, Mittelalter-\u00dcberkleid<\/p>\n<p>Dieses Ma\u00dfblatt dient der Anfertigung von Bestellungen. Bitte nimm die Ma\u00dfe sorgf\u00e4ltig. Reklamationen aufgrund von falsch angegebenen Ma\u00dfen k\u00f6nnen nicht ber\u00fccksichtigt werden.<br \/>\nNimm die Ma\u00dfe nach M\u00f6glichkeit in Unterw\u00e4sche oder \u00fcber eng sitzender Kleidung. F\u00fcr das Taillenma\u00df und das H\u00fcftma\u00df bitte auf keinen Fall eine tief sitzende Hose tragen. Gib keine Zugaben dazu oder ziehe etwas von den Ma\u00dfen ab. Das mache ich selbst.<br \/>\nAm besten l\u00e4sst du dir von einer zweiten Person helfen.<\/p>\n<p>Mit einem Klick auf das Bild siehst du die Skizze in gro\u00df.<\/p>\n<figure id=\"attachment_1630\" aria-describedby=\"caption-attachment-1630\" style=\"width: 750px\" class=\"wp-caption aligncenter\"><a href=\"http:\/\/www.gewandfantasien.de\/bloggen\/wp-content\/uploads\/2017\/11\/masse-mit-aermellaenge.jpg\"><img fetchpriority=\"high\" decoding=\"async\" class=\"size-large wp-image-1630\" src=\"http:\/\/www.gewandfantasien.de\/bloggen\/wp-content\/uploads\/2017\/11\/masse-mit-aermellaenge-750x546.jpg\" alt=\"Ma\u00dfnehmen f\u00fcr einfach Kleider\" width=\"750\" height=\"546\" srcset=\"https:\/\/www.gewandfantasien.de\/bloggen\/wp-content\/uploads\/2017\/11\/masse-mit-aermellaenge-750x546.jpg 750w, https:\/\/www.gewandfantasien.de\/bloggen\/wp-content\/uploads\/2017\/11\/masse-mit-aermellaenge-600x437.jpg 600w, https:\/\/www.gewandfantasien.de\/bloggen\/wp-content\/uploads\/2017\/11\/masse-mit-aermellaenge-300x218.jpg 300w, https:\/\/www.gewandfantasien.de\/bloggen\/wp-content\/uploads\/2017\/11\/masse-mit-aermellaenge-768x559.jpg 768w, https:\/\/www.gewandfantasien.de\/bloggen\/wp-content\/uploads\/2017\/11\/masse-mit-aermellaenge-150x109.jpg 150w, https:\/\/www.gewandfantasien.de\/bloggen\/wp-content\/uploads\/2017\/11\/masse-mit-aermellaenge-770x560.jpg 770w, https:\/\/www.gewandfantasien.de\/bloggen\/wp-content\/uploads\/2017\/11\/masse-mit-aermellaenge.jpg 992w\" sizes=\"(max-width: 750px) 100vw, 750px\" \/><\/a><figcaption id=\"caption-attachment-1630\" class=\"wp-caption-text\">Ma\u00dfnehmen f\u00fcr einfache Kleider<\/figcaption><\/figure>\n<p>Mit einem * markiert Felder sind Pflichtfelder<\/p>\n\n<div class=\"wpcf7 no-js\" id=\"wpcf7-f1625-o1\" lang=\"de-DE\" dir=\"ltr\" data-wpcf7-id=\"1625\">\n<div class=\"screen-reader-response\"><p role=\"status\" aria-live=\"polite\" aria-atomic=\"true\"><\/p> <ul><\/ul><\/div>\n<form action=\"\/bloggen\/wp-json\/wp\/v2\/pages\/1627#wpcf7-f1625-o1\" method=\"post\" class=\"wpcf7-form init\" aria-label=\"Kontaktformular\" novalidate=\"novalidate\" data-status=\"init\">\n<fieldset class=\"hidden-fields-container\"><input type=\"hidden\" name=\"_wpcf7\" value=\"1625\" \/><input type=\"hidden\" name=\"_wpcf7_version\" value=\"6.1.5\" \/><input type=\"hidden\" name=\"_wpcf7_locale\" value=\"de_DE\" \/><input type=\"hidden\" name=\"_wpcf7_unit_tag\" value=\"wpcf7-f1625-o1\" \/><input type=\"hidden\" name=\"_wpcf7_container_post\" value=\"0\" \/><input type=\"hidden\" name=\"_wpcf7_posted_data_hash\" value=\"\" \/>\n<\/fieldset>\n<p><label> Dein Name (Pflichtfeld)<br \/>\n<span class=\"wpcf7-form-control-wrap\" data-name=\"your-name\"><input size=\"40\" maxlength=\"400\" class=\"wpcf7-form-control wpcf7-text wpcf7-validates-as-required\" aria-required=\"true\" aria-invalid=\"false\" value=\"\" type=\"text\" name=\"your-name\" \/><\/span> <\/label>\n<\/p>\n<p><label> Deine E-Mail-Adresse (Pflichtfeld)<br \/>\n<span class=\"wpcf7-form-control-wrap\" data-name=\"your-email\"><input size=\"40\" maxlength=\"400\" class=\"wpcf7-form-control wpcf7-email wpcf7-validates-as-required wpcf7-text wpcf7-validates-as-email\" aria-required=\"true\" aria-invalid=\"false\" value=\"\" type=\"email\" name=\"your-email\" \/><\/span> <\/label>\n<\/p>\n<p><label> Bestellung<br \/>\n<span class=\"wpcf7-form-control-wrap\" data-name=\"your-subject\"><input size=\"40\" maxlength=\"400\" class=\"wpcf7-form-control wpcf7-text\" aria-invalid=\"false\" value=\"\" type=\"text\" name=\"your-subject\" \/><\/span> <\/label>\n<\/p>\n<p>1 Brustumfang: <span class=\"wpcf7-form-control-wrap\" data-name=\"bustcircumference\"><input size=\"40\" maxlength=\"400\" class=\"wpcf7-form-control wpcf7-text wpcf7-validates-as-required\" aria-required=\"true\" aria-invalid=\"false\" placeholder=\"Brustumfang\" value=\"\" type=\"text\" name=\"bustcircumference\" \/><\/span>\n<\/p>\n<p>2 Taillenumfang: <span class=\"wpcf7-form-control-wrap\" data-name=\"Taille\"><input size=\"40\" maxlength=\"400\" class=\"wpcf7-form-control wpcf7-text wpcf7-validates-as-required\" aria-required=\"true\" aria-invalid=\"false\" placeholder=\"Taillenumfang\" value=\"\" type=\"text\" name=\"Taille\" \/><\/span>\n<\/p>\n<p>3 H\u00fcftumfang: <span class=\"wpcf7-form-control-wrap\" data-name=\"Huefte\"><input size=\"40\" maxlength=\"400\" class=\"wpcf7-form-control wpcf7-text wpcf7-validates-as-required\" aria-required=\"true\" aria-invalid=\"false\" placeholder=\"H\u00fcftumfang\" value=\"\" type=\"text\" name=\"Huefte\" \/><\/span>\n<\/p>\n<p>4 L\u00e4nge von Schulter bis Saum ohne Schleppe (von Schulterh\u00f6he aus gerade runter messen): <span class=\"wpcf7-form-control-wrap\" data-name=\"length\"><input size=\"40\" maxlength=\"400\" class=\"wpcf7-form-control wpcf7-text wpcf7-validates-as-required\" aria-required=\"true\" aria-invalid=\"false\" placeholder=\"L\u00e4nge\" value=\"\" type=\"text\" name=\"length\" \/><\/span>\n<\/p>\n<p>5 Arml\u00e4nge von Nacken bis Handgelenk: <span class=\"wpcf7-form-control-wrap\" data-name=\"armlaenge\"><input size=\"40\" maxlength=\"400\" class=\"wpcf7-form-control wpcf7-text wpcf7-validates-as-required\" aria-required=\"true\" aria-invalid=\"false\" placeholder=\"Arml\u00e4nge\" value=\"\" type=\"text\" name=\"armlaenge\" \/><\/span>\n<\/p>\n<p>a) Ausschnittweite: <span class=\"wpcf7-form-control-wrap\" data-name=\"ausschnitt\"><input size=\"40\" maxlength=\"400\" class=\"wpcf7-form-control wpcf7-text wpcf7-validates-as-required\" aria-required=\"true\" aria-invalid=\"false\" placeholder=\"Ausschnitt\" value=\"\" type=\"text\" name=\"ausschnitt\" \/><\/span>\n<\/p>\n<p>b) Oberarmumfang: <span class=\"wpcf7-form-control-wrap\" data-name=\"Oberarm\"><input size=\"40\" maxlength=\"400\" class=\"wpcf7-form-control wpcf7-text wpcf7-validates-as-required\" aria-required=\"true\" aria-invalid=\"false\" placeholder=\"Oberarmumfang\" value=\"\" type=\"text\" name=\"Oberarm\" \/><\/span>\n<\/p>\n<p>Welche Kleidergr\u00f6\u00dfe tr\u00e4gst du normalerweise? <span class=\"wpcf7-form-control-wrap\" data-name=\"Kleidergroesse\"><select class=\"wpcf7-form-control wpcf7-select wpcf7-validates-as-required\" aria-required=\"true\" aria-invalid=\"false\" name=\"Kleidergroesse\"><option value=\"XS\">XS<\/option><option value=\"S\">S<\/option><option value=\"M\">M<\/option><option value=\"L\">L<\/option><option value=\"XL\">XL<\/option><option value=\"XXL\">XXL<\/option><option value=\"XXXL\">XXXL<\/option><\/select><\/span>\n<\/p>\n<p>Anmerkungen:\n<\/p>\n<p><span class=\"wpcf7-form-control-wrap\" data-name=\"anythingelse\"><textarea cols=\"40\" rows=\"10\" maxlength=\"2000\" class=\"wpcf7-form-control wpcf7-textarea wpcf7-validates-as-required\" aria-required=\"true\" aria-invalid=\"false\" placeholder=\"Anmerkungen\" name=\"anythingelse\"><\/textarea><\/span>\n<\/p>\n<p><span id=\"wpcf7-69faf500de956-wrapper\" class=\"wpcf7-form-control-wrap honeypot-392-wrap\" style=\"display:none !important; visibility:hidden !important;\"><input type=\"hidden\" name=\"honeypot-392-time-start\" value=\"1778054400\"><input type=\"hidden\" name=\"honeypot-392-time-check\" value=\"60\"><label for=\"wpcf7-69faf500de956-field\" class=\"hp-message\">Bitte lasse dieses Feld leer.<\/label><input id=\"wpcf7-69faf500de956-field\"  class=\"wpcf7-form-control wpcf7-text\" type=\"text\" name=\"honeypot-392\" value=\"\" size=\"40\" tabindex=\"-1\" autocomplete=\"new-password\" \/><\/span>\n<\/p>\n<p><input class=\"wpcf7-form-control wpcf7-submit has-spinner\" type=\"submit\" value=\"Senden\" \/>\n<\/p><div class=\"wpcf7-response-output\" aria-hidden=\"true\"><\/div>\n<\/form>\n<\/div>\n\n<p>&nbsp;<\/p>\n","protected":false},"excerpt":{"rendered":"<p>Bitte benutze diese Ma\u00dftabelle f\u00fcr folgende Kleider: Ceres, Branwen, rote Priesterin, Cotte, Akiko, alle Unterkleider, Mittelalterkleid mit Kapuze, Mittelalter-\u00dcberkleid Dieses Ma\u00dfblatt dient der Anfertigung von Bestellungen. Bitte nimm die Ma\u00dfe sorgf\u00e4ltig. Reklamationen aufgrund von falsch angegebenen Ma\u00dfen k\u00f6nnen nicht ber\u00fccksichtigt werden. Nimm die Ma\u00dfe nach M\u00f6glichkeit in Unterw\u00e4sche oder \u00fcber eng sitzender Kleidung. F\u00fcr das [&hellip;]<\/p>\n","protected":false},"author":754,"featured_media":0,"parent":844,"menu_order":0,"comment_status":"closed","ping_status":"closed","template":"","meta":{"site-sidebar-layout":"default","site-content-layout":"","ast-site-content-layout":"default","site-content-style":"default","site-sidebar-style":"default","ast-global-header-display":"","ast-banner-title-visibility":"","ast-main-header-display":"","ast-hfb-above-header-display":"","ast-hfb-below-header-display":"","ast-hfb-mobile-header-display":"","site-post-title":"","ast-breadcrumbs-content":"","ast-featured-img":"","footer-sml-layout":"","ast-disable-related-posts":"","theme-transparent-header-meta":"","adv-header-id-meta":"","stick-header-meta":"","header-above-stick-meta":"","header-main-stick-meta":"","header-below-stick-meta":"","astra-migrate-meta-layouts":"default","ast-page-background-enabled":"default","ast-page-background-meta":{"desktop":{"background-color":"var(--ast-global-color-4)","background-image":"","background-repeat":"repeat","background-position":"center center","background-size":"auto","background-attachment":"scroll","background-type":"","background-media":"","overlay-type":"","overlay-color":"","overlay-opacity":"","overlay-gradient":""},"tablet":{"background-color":"","background-image":"","background-repeat":"repeat","background-position":"center center","background-size":"auto","background-attachment":"scroll","background-type":"","background-media":"","overlay-type":"","overlay-color":"","overlay-opacity":"","overlay-gradient":""},"mobile":{"background-color":"","background-image":"","background-repeat":"repeat","background-position":"center center","background-size":"auto","background-attachment":"scroll","background-type":"","background-media":"","overlay-type":"","overlay-color":"","overlay-opacity":"","overlay-gradient":""}},"ast-content-background-meta":{"desktop":{"background-color":"var(--ast-global-color-5)","background-image":"","background-repeat":"repeat","background-position":"center center","background-size":"auto","background-attachment":"scroll","background-type":"","background-media":"","overlay-type":"","overlay-color":"","overlay-opacity":"","overlay-gradient":""},"tablet":{"background-color":"var(--ast-global-color-5)","background-image":"","background-repeat":"repeat","background-position":"center center","background-size":"auto","background-attachment":"scroll","background-type":"","background-media":"","overlay-type":"","overlay-color":"","overlay-opacity":"","overlay-gradient":""},"mobile":{"background-color":"var(--ast-global-color-5)","background-image":"","background-repeat":"repeat","background-position":"center center","background-size":"auto","background-attachment":"scroll","background-type":"","background-media":"","overlay-type":"","overlay-color":"","overlay-opacity":"","overlay-gradient":""}},"footnotes":""},"class_list":["post-1627","page","type-page","status-publish","hentry"],"yoast_head":"<!-- This site is optimized with the Yoast SEO plugin v27.5 - https:\/\/yoast.com\/product\/yoast-seo-wordpress\/ -->\n<title>Ma\u00dftabelle f\u00fcr einfache Kleider - Gewandfantasien<\/title>\n<meta name=\"robots\" content=\"index, follow, max-snippet:-1, max-image-preview:large, max-video-preview:-1\" \/>\n<link rel=\"canonical\" href=\"https:\/\/www.gewandfantasien.de\/bloggen\/masse-nehmen\/masstabelle-fuer-einfache-kleider\/\" \/>\n<meta property=\"og:locale\" content=\"de_DE\" \/>\n<meta property=\"og:type\" content=\"article\" \/>\n<meta property=\"og:title\" content=\"Ma\u00dftabelle f\u00fcr einfache Kleider - Gewandfantasien\" \/>\n<meta property=\"og:description\" content=\"Bitte benutze diese Ma\u00dftabelle f\u00fcr folgende Kleider: Ceres, Branwen, rote Priesterin, Cotte, Akiko, alle Unterkleider, Mittelalterkleid mit Kapuze, Mittelalter-\u00dcberkleid Dieses Ma\u00dfblatt dient der Anfertigung von Bestellungen. Bitte nimm die Ma\u00dfe sorgf\u00e4ltig. Reklamationen aufgrund von falsch angegebenen Ma\u00dfen k\u00f6nnen nicht ber\u00fccksichtigt werden. Nimm die Ma\u00dfe nach M\u00f6glichkeit in Unterw\u00e4sche oder \u00fcber eng sitzender Kleidung. F\u00fcr das [&hellip;]\" \/>\n<meta property=\"og:url\" content=\"https:\/\/www.gewandfantasien.de\/bloggen\/masse-nehmen\/masstabelle-fuer-einfache-kleider\/\" \/>\n<meta property=\"og:site_name\" content=\"Gewandfantasien\" \/>\n<meta property=\"article:publisher\" content=\"https:\/\/www.facebook.com\/Gewandfantasien\" \/>\n<meta property=\"article:modified_time\" content=\"2018-05-31T08:35:15+00:00\" \/>\n<meta property=\"og:image\" content=\"http:\/\/www.gewandfantasien.de\/bloggen\/wp-content\/uploads\/2017\/11\/masse-mit-aermellaenge-750x546.jpg\" \/>\n<meta name=\"twitter:card\" content=\"summary_large_image\" \/>\n<meta name=\"twitter:site\" content=\"@Gewandfantasien\" \/>\n<meta name=\"twitter:label1\" content=\"Gesch\u00e4tzte Lesezeit\" \/>\n\t<meta name=\"twitter:data1\" content=\"1\u00a0Minute\" \/>\n<script type=\"application\/ld+json\" class=\"yoast-schema-graph\">{\"@context\":\"https:\\\/\\\/schema.org\",\"@graph\":[{\"@type\":\"WebPage\",\"@id\":\"https:\\\/\\\/www.gewandfantasien.de\\\/bloggen\\\/masse-nehmen\\\/masstabelle-fuer-einfache-kleider\\\/\",\"url\":\"https:\\\/\\\/www.gewandfantasien.de\\\/bloggen\\\/masse-nehmen\\\/masstabelle-fuer-einfache-kleider\\\/\",\"name\":\"Ma\u00dftabelle f\u00fcr einfache Kleider - Gewandfantasien\",\"isPartOf\":{\"@id\":\"https:\\\/\\\/www.gewandfantasien.de\\\/bloggen\\\/#website\"},\"primaryImageOfPage\":{\"@id\":\"https:\\\/\\\/www.gewandfantasien.de\\\/bloggen\\\/masse-nehmen\\\/masstabelle-fuer-einfache-kleider\\\/#primaryimage\"},\"image\":{\"@id\":\"https:\\\/\\\/www.gewandfantasien.de\\\/bloggen\\\/masse-nehmen\\\/masstabelle-fuer-einfache-kleider\\\/#primaryimage\"},\"thumbnailUrl\":\"http:\\\/\\\/www.gewandfantasien.de\\\/bloggen\\\/wp-content\\\/uploads\\\/2017\\\/11\\\/masse-mit-aermellaenge-750x546.jpg\",\"datePublished\":\"2017-11-01T09:28:42+00:00\",\"dateModified\":\"2018-05-31T08:35:15+00:00\",\"breadcrumb\":{\"@id\":\"https:\\\/\\\/www.gewandfantasien.de\\\/bloggen\\\/masse-nehmen\\\/masstabelle-fuer-einfache-kleider\\\/#breadcrumb\"},\"inLanguage\":\"de\",\"potentialAction\":[{\"@type\":\"ReadAction\",\"target\":[\"https:\\\/\\\/www.gewandfantasien.de\\\/bloggen\\\/masse-nehmen\\\/masstabelle-fuer-einfache-kleider\\\/\"]}]},{\"@type\":\"ImageObject\",\"inLanguage\":\"de\",\"@id\":\"https:\\\/\\\/www.gewandfantasien.de\\\/bloggen\\\/masse-nehmen\\\/masstabelle-fuer-einfache-kleider\\\/#primaryimage\",\"url\":\"http:\\\/\\\/www.gewandfantasien.de\\\/bloggen\\\/wp-content\\\/uploads\\\/2017\\\/11\\\/masse-mit-aermellaenge-750x546.jpg\",\"contentUrl\":\"http:\\\/\\\/www.gewandfantasien.de\\\/bloggen\\\/wp-content\\\/uploads\\\/2017\\\/11\\\/masse-mit-aermellaenge-750x546.jpg\"},{\"@type\":\"BreadcrumbList\",\"@id\":\"https:\\\/\\\/www.gewandfantasien.de\\\/bloggen\\\/masse-nehmen\\\/masstabelle-fuer-einfache-kleider\\\/#breadcrumb\",\"itemListElement\":[{\"@type\":\"ListItem\",\"position\":1,\"name\":\"Startseite\",\"item\":\"https:\\\/\\\/www.gewandfantasien.de\\\/bloggen\\\/\"},{\"@type\":\"ListItem\",\"position\":2,\"name\":\"Ma\u00dfe nehmen\",\"item\":\"https:\\\/\\\/www.gewandfantasien.de\\\/bloggen\\\/masse-nehmen\\\/\"},{\"@type\":\"ListItem\",\"position\":3,\"name\":\"Ma\u00dftabelle f\u00fcr einfache Kleider\"}]},{\"@type\":\"WebSite\",\"@id\":\"https:\\\/\\\/www.gewandfantasien.de\\\/bloggen\\\/#website\",\"url\":\"https:\\\/\\\/www.gewandfantasien.de\\\/bloggen\\\/\",\"name\":\"Gewandfantasien\",\"description\":\"Dress your Fantasy\",\"publisher\":{\"@id\":\"https:\\\/\\\/www.gewandfantasien.de\\\/bloggen\\\/#organization\"},\"potentialAction\":[{\"@type\":\"SearchAction\",\"target\":{\"@type\":\"EntryPoint\",\"urlTemplate\":\"https:\\\/\\\/www.gewandfantasien.de\\\/bloggen\\\/?s={search_term_string}\"},\"query-input\":{\"@type\":\"PropertyValueSpecification\",\"valueRequired\":true,\"valueName\":\"search_term_string\"}}],\"inLanguage\":\"de\"},{\"@type\":\"Organization\",\"@id\":\"https:\\\/\\\/www.gewandfantasien.de\\\/bloggen\\\/#organization\",\"name\":\"Gewandfantasien\",\"url\":\"https:\\\/\\\/www.gewandfantasien.de\\\/bloggen\\\/\",\"logo\":{\"@type\":\"ImageObject\",\"inLanguage\":\"de\",\"@id\":\"https:\\\/\\\/www.gewandfantasien.de\\\/bloggen\\\/#\\\/schema\\\/logo\\\/image\\\/\",\"url\":\"https:\\\/\\\/www.gewandfantasien.de\\\/bloggen\\\/wp-content\\\/uploads\\\/2018\\\/03\\\/logo_gewandfantasien_kurz.png\",\"contentUrl\":\"https:\\\/\\\/www.gewandfantasien.de\\\/bloggen\\\/wp-content\\\/uploads\\\/2018\\\/03\\\/logo_gewandfantasien_kurz.png\",\"width\":250,\"height\":250,\"caption\":\"Gewandfantasien\"},\"image\":{\"@id\":\"https:\\\/\\\/www.gewandfantasien.de\\\/bloggen\\\/#\\\/schema\\\/logo\\\/image\\\/\"},\"sameAs\":[\"https:\\\/\\\/www.facebook.com\\\/Gewandfantasien\",\"https:\\\/\\\/x.com\\\/Gewandfantasien\",\"http:\\\/\\\/instagram.com\\\/gewandfantasien\",\"http:\\\/\\\/pinterest.com\\\/gewandfantasien\\\/\"]}]}<\/script>\n<!-- \/ Yoast SEO plugin. -->","yoast_head_json":{"title":"Ma\u00dftabelle f\u00fcr einfache Kleider - Gewandfantasien","robots":{"index":"index","follow":"follow","max-snippet":"max-snippet:-1","max-image-preview":"max-image-preview:large","max-video-preview":"max-video-preview:-1"},"canonical":"https:\/\/www.gewandfantasien.de\/bloggen\/masse-nehmen\/masstabelle-fuer-einfache-kleider\/","og_locale":"de_DE","og_type":"article","og_title":"Ma\u00dftabelle f\u00fcr einfache Kleider - Gewandfantasien","og_description":"Bitte benutze diese Ma\u00dftabelle f\u00fcr folgende Kleider: Ceres, Branwen, rote Priesterin, Cotte, Akiko, alle Unterkleider, Mittelalterkleid mit Kapuze, Mittelalter-\u00dcberkleid Dieses Ma\u00dfblatt dient der Anfertigung von Bestellungen. Bitte nimm die Ma\u00dfe sorgf\u00e4ltig. Reklamationen aufgrund von falsch angegebenen Ma\u00dfen k\u00f6nnen nicht ber\u00fccksichtigt werden. Nimm die Ma\u00dfe nach M\u00f6glichkeit in Unterw\u00e4sche oder \u00fcber eng sitzender Kleidung. F\u00fcr das [&hellip;]","og_url":"https:\/\/www.gewandfantasien.de\/bloggen\/masse-nehmen\/masstabelle-fuer-einfache-kleider\/","og_site_name":"Gewandfantasien","article_publisher":"https:\/\/www.facebook.com\/Gewandfantasien","article_modified_time":"2018-05-31T08:35:15+00:00","og_image":[{"url":"http:\/\/www.gewandfantasien.de\/bloggen\/wp-content\/uploads\/2017\/11\/masse-mit-aermellaenge-750x546.jpg","type":"","width":"","height":""}],"twitter_card":"summary_large_image","twitter_site":"@Gewandfantasien","twitter_misc":{"Gesch\u00e4tzte Lesezeit":"1\u00a0Minute"},"schema":{"@context":"https:\/\/schema.org","@graph":[{"@type":"WebPage","@id":"https:\/\/www.gewandfantasien.de\/bloggen\/masse-nehmen\/masstabelle-fuer-einfache-kleider\/","url":"https:\/\/www.gewandfantasien.de\/bloggen\/masse-nehmen\/masstabelle-fuer-einfache-kleider\/","name":"Ma\u00dftabelle f\u00fcr einfache Kleider - Gewandfantasien","isPartOf":{"@id":"https:\/\/www.gewandfantasien.de\/bloggen\/#website"},"primaryImageOfPage":{"@id":"https:\/\/www.gewandfantasien.de\/bloggen\/masse-nehmen\/masstabelle-fuer-einfache-kleider\/#primaryimage"},"image":{"@id":"https:\/\/www.gewandfantasien.de\/bloggen\/masse-nehmen\/masstabelle-fuer-einfache-kleider\/#primaryimage"},"thumbnailUrl":"http:\/\/www.gewandfantasien.de\/bloggen\/wp-content\/uploads\/2017\/11\/masse-mit-aermellaenge-750x546.jpg","datePublished":"2017-11-01T09:28:42+00:00","dateModified":"2018-05-31T08:35:15+00:00","breadcrumb":{"@id":"https:\/\/www.gewandfantasien.de\/bloggen\/masse-nehmen\/masstabelle-fuer-einfache-kleider\/#breadcrumb"},"inLanguage":"de","potentialAction":[{"@type":"ReadAction","target":["https:\/\/www.gewandfantasien.de\/bloggen\/masse-nehmen\/masstabelle-fuer-einfache-kleider\/"]}]},{"@type":"ImageObject","inLanguage":"de","@id":"https:\/\/www.gewandfantasien.de\/bloggen\/masse-nehmen\/masstabelle-fuer-einfache-kleider\/#primaryimage","url":"http:\/\/www.gewandfantasien.de\/bloggen\/wp-content\/uploads\/2017\/11\/masse-mit-aermellaenge-750x546.jpg","contentUrl":"http:\/\/www.gewandfantasien.de\/bloggen\/wp-content\/uploads\/2017\/11\/masse-mit-aermellaenge-750x546.jpg"},{"@type":"BreadcrumbList","@id":"https:\/\/www.gewandfantasien.de\/bloggen\/masse-nehmen\/masstabelle-fuer-einfache-kleider\/#breadcrumb","itemListElement":[{"@type":"ListItem","position":1,"name":"Startseite","item":"https:\/\/www.gewandfantasien.de\/bloggen\/"},{"@type":"ListItem","position":2,"name":"Ma\u00dfe nehmen","item":"https:\/\/www.gewandfantasien.de\/bloggen\/masse-nehmen\/"},{"@type":"ListItem","position":3,"name":"Ma\u00dftabelle f\u00fcr einfache Kleider"}]},{"@type":"WebSite","@id":"https:\/\/www.gewandfantasien.de\/bloggen\/#website","url":"https:\/\/www.gewandfantasien.de\/bloggen\/","name":"Gewandfantasien","description":"Dress your Fantasy","publisher":{"@id":"https:\/\/www.gewandfantasien.de\/bloggen\/#organization"},"potentialAction":[{"@type":"SearchAction","target":{"@type":"EntryPoint","urlTemplate":"https:\/\/www.gewandfantasien.de\/bloggen\/?s={search_term_string}"},"query-input":{"@type":"PropertyValueSpecification","valueRequired":true,"valueName":"search_term_string"}}],"inLanguage":"de"},{"@type":"Organization","@id":"https:\/\/www.gewandfantasien.de\/bloggen\/#organization","name":"Gewandfantasien","url":"https:\/\/www.gewandfantasien.de\/bloggen\/","logo":{"@type":"ImageObject","inLanguage":"de","@id":"https:\/\/www.gewandfantasien.de\/bloggen\/#\/schema\/logo\/image\/","url":"https:\/\/www.gewandfantasien.de\/bloggen\/wp-content\/uploads\/2018\/03\/logo_gewandfantasien_kurz.png","contentUrl":"https:\/\/www.gewandfantasien.de\/bloggen\/wp-content\/uploads\/2018\/03\/logo_gewandfantasien_kurz.png","width":250,"height":250,"caption":"Gewandfantasien"},"image":{"@id":"https:\/\/www.gewandfantasien.de\/bloggen\/#\/schema\/logo\/image\/"},"sameAs":["https:\/\/www.facebook.com\/Gewandfantasien","https:\/\/x.com\/Gewandfantasien","http:\/\/instagram.com\/gewandfantasien","http:\/\/pinterest.com\/gewandfantasien\/"]}]}},"_links":{"self":[{"href":"https:\/\/www.gewandfantasien.de\/bloggen\/wp-json\/wp\/v2\/pages\/1627","targetHints":{"allow":["GET"]}}],"collection":[{"href":"https:\/\/www.gewandfantasien.de\/bloggen\/wp-json\/wp\/v2\/pages"}],"about":[{"href":"https:\/\/www.gewandfantasien.de\/bloggen\/wp-json\/wp\/v2\/types\/page"}],"author":[{"embeddable":true,"href":"https:\/\/www.gewandfantasien.de\/bloggen\/wp-json\/wp\/v2\/users\/754"}],"replies":[{"embeddable":true,"href":"https:\/\/www.gewandfantasien.de\/bloggen\/wp-json\/wp\/v2\/comments?post=1627"}],"version-history":[{"count":3,"href":"https:\/\/www.gewandfantasien.de\/bloggen\/wp-json\/wp\/v2\/pages\/1627\/revisions"}],"predecessor-version":[{"id":1634,"href":"https:\/\/www.gewandfantasien.de\/bloggen\/wp-json\/wp\/v2\/pages\/1627\/revisions\/1634"}],"up":[{"embeddable":true,"href":"https:\/\/www.gewandfantasien.de\/bloggen\/wp-json\/wp\/v2\/pages\/844"}],"wp:attachment":[{"href":"https:\/\/www.gewandfantasien.de\/bloggen\/wp-json\/wp\/v2\/media?parent=1627"}],"curies":[{"name":"wp","href":"https:\/\/api.w.org\/{rel}","templated":true}]}}